54a
In base 14, what is 106 + 5?
10b
In base 16, what is b + 1?
c
In base 13, what is 5cb + 1?
5cc
In base 14, what is 2 + -40?
-3c
In base 10, what is -1 - 3042?
-3043
In base 16, what is 0 - -28?
28
In base 13, what is c46 + -2?
c44
In base 11, what is 7a62 - -2?
7a64
In base 4, what is 10 - 2232?
-2222
In base 12, what is -38 + -19?
-55
In base 15, what is -35a - -4?
-356
In base 8, what is -26 + 32?
4
In base 15, what is 2 + 190?
192
In base 2, what is 1100011 + 111?
1101010
In base 14, what is 214 + 1?
215
In base 7, what is -14 + -136?
-153
In base 5, what is 1423 + 1?
1424
In base 16, what is ce - -11?
df
In base 5, what is 1133 - -3?
1141
In base 4, what is -123220 - 13?
-123233
In base 5, what is 100 - 11?
34
In base 7, what is 4 - -4203?
4210
In base 12, what is -7 + b29?
b22
In base 11, what is 3 - 208?
-205
In base 3, what is -12 + -1021?
-1110
In base 11, what is 6 - 11?
-6
In base 16, what is 3de - 0?
3de
In base 16, what is 4 - -5a?
5e
In base 12, what is 2 + -10?
-a
In base 8, what is 76 - -15?
113
In base 6, what is 2405 + -2?
2403
In base 11, what is -87 - 3?
-8a
In base 10, what is -1317 + 4?
-1313
In base 5, what is 1213 + -201?
1012
In base 6, what is 3 - 52?
-45
In base 6, what is 212 + -4?
204
In base 8, what is -61 + 36?
-23
In base 16, what is -3 - -32?
2f
In base 13, what is 0 + 71?
71
In base 7, what is 3 + 210?
213
In base 16, what is 2 - -2a?
2c
In base 4, what is -22 - -130?
102
In base 10, what is 1 - -43?
44
In base 15, what is 77 + 1a?
92
In base 2, what is 11001000110110 - -11?
11001000111001
In base 3, what is -100021 + -2?
-100100
In base 6, what is -425 - 4?
-433
In base 14, what is 1 - cd?
-cc
In base 12, what is b3 - 0?
b3
In base 7, what is 635 - -6?
644
In base 12, what is -2 - -614?
612
In base 5, what is 0 - 11?
-11
In base 12, what is -ab - -12?
-99
In base 14, what is 4 - 251?
-24b
In base 15, what is 2ba - -1?
2bb
In base 2, what is 1000100 - -100110101?
101111001
In base 15, what is 33bc - 2?
33ba
In base 4, what is 10 - 1323?
-1313
In base 3, what is -2102211 - -121?
-2102020
In base 3, what is 1 + -2202000?
-2201222
In base 16, what is -3 + 74?
71
In base 10, what is -69 - -48?
-21
In base 8, what is 5 - 0?
5
In base 13, what is -5 + -700?
-705
In base 15, what is -2 + 53?
51
In base 6, what is -5502 - -4?
-5454
In base 8, what is -1447 + -11?
-1460
In base 16, what is -4 - 125?
-129
In base 2, what is 1110011 + 100?
1110111
In base 7, what is -3461 + -2?
-3463
In base 6, what is 34 - 20?
14
In base 2, what is 10011 + -1010?
1001
In base 13, what is 0 + 1659?
1659
In base 5, what is 12441 + 3?
12444
In base 4, what is -2 - -111?
103
In base 13, what is -4 - -8ab?
8a7
In base 4, what is -1 - 1312?
-1313
In base 13, what is -1 - 283?
-284
In base 8, what is 5 + 354?
361
In base 4, what is 11 - 20131?
-20120
In base 8, what is -11222 + 0?
-11222
In base 13, what is -1a + -102?
-11c
In base 2, what is 1000101001101 - 11?
1000101001010
In base 13, what is -1 - 4c?
-50
In base 16, what is -23 + -5?
-28
In base 12, what is 14b + 2?
151
In base 10, what is 10 + 12?
22
In base 14, what is 89 + 1c?
a7
In base 5, what is 1 - -3313?
3314
In base 9, what is 1142 + 2?
1144
In base 13, what is 42 - -7?
49
In base 12, what is 0 + -4918?
-4918
In base 11, what is -1264 - 1?
-1265
In base 4, what is 223 + -3?
220
In base 14, what is -35 + 2?
-33
In base 13, what is b893 + 1?
b894
In base 15, what is -5 - -82?
7c
In base 13, what is 27 + -4ac?
-485
In base 13, what is 220 - -3?
223
In base 13, what is -15 + -2?
-17
In base 2, what is -111110110 + 0?
-111110110
In base 13, what is -4 + -45?
-49
In base 4, what is 10022120 + 3?
10022123
In base 4, what is 1121 - -120?
1301
In base 4, what is -1321 - -232?
-1023
In base 4, what is -2000 + -21?
-2021
In base 9, what is -5 + 1487?
1482
In base 8, what is -6 + 2312?
2304
In base 15, what is 7bd - 5?
7b8
In base 11, what is 537 + 2?
539
In base 9, what is 2 + 115?
117
In base 12, what is -2 - -787?
785
In base 9, what is 27 - -13?
41
In base 4, what is -1300313 + -3?
-1300322
In base 2, what is 0 - 101010111001?
-101010111001
In base 4, what is 1 + -202030?
-202023
In base 3, what is 222210 - 2?
222201
In base 13, what is 1071 - 4?
106a
In base 12, what is 6 + -225?
-21b
In base 11, what is -3 + -2a?
-32
In base 15, what is -1282 + 2?
-1280
In base 2, what is 1000111 + -10?
1000101
In base 2, what is -101 - 101011111010?
-101011111111
In base 3, what is -121 + -1221?
-2112
In base 7, what is 201 + 5?
206
In base 7, what is 100 + 336?
436
In base 2, what is -1 - -1010?
1001
In base 4, what is 2130 + -2?
2122
In base 7, what is 3 - -301?
304
In base 9, what is -3 - 10708?
-10712
In base 16, what is 108 - 0?
108
In base 6, what is 1 + -111?
-110
In base 16, what is 2 - 219?
-217
In base 3, what is -2 - -10102?
10100
In base 13, what is -28a1 + -5?
-28a6
In base 5, what is 33 - 1013?
-430
In base 7, what is 6 + -12355?
-12346
In base 9, what is -384 + 0?
-384
In base 5, what is -2 - -21124?
21122
In base 14, what is -d + -8c?
-9b
In base 12, what is 19 + -50?
-33
In base 8, what is 1216 - 13?
1203
In base 5, what is 1122 + 2?
1124
In base 10, what is 754 + -9?
745
In base 10, what is 2 - 536?
-534
In base 6, what is -10004 - -5?
-5555
In base 13, what is -3cc + 3?
-3c9
In base 3, what is 2 - -2100111?
2100120
In base 13, what is -26a + 4?
-266
In base 2, what is 11 + -1000000?
-111101
In base 12, what is 184 + -18?
168
In base 16, what is 3 - 1a6?
-1a3
In base 11, what is aa + -31?
79
In base 14, what is -3 - -d?
a
In base 12, what is -4229 - -1?
-4228
In base 6, what is 530 - 0?
530
In base 11, what is 127 - -2?
129
In base 11, what is 274 + 9?
282
In base 11, what is 573 - 1?
572
In base 14, what is 2b0 - 4?
2aa
In base 7, what is -4 + 1266?
1262
In base 6, what is 15153 + -14?
15135
In base 9, what is -18 - 22?
-41
In base 4, what is -301 - 30?
-331
In base 13, what is 1 - -42?
43
In base 13, what is 2 - -27?
29
In base 3, what is 12 + 10002000?
10002012
In base 4, what is -11 - -301?
230
In base 5, what is -11 - 40?
-101
In base 11, what is -3 + 46?
43
In base 13, what is 405 + 1?
406
In base 2, what is 10010111 + -110001?
1100110
In base 4, what is -2 + 32231?
32223
In base 9, what is 4180 - -2?
4182
In base 5, what is 2234 - -11?
2300
In base 16, what is -37 - -f9?
c2
In base 8, what is 24004 + 4?
24010
In base 15, what is 32 - -3?
35
In base 10, what is 96 + 5?
101
In base 6, what is 5 + 100?
105
In base 14, what is d0 + -7?
c7
In base 5, what is 3 - 112?
-104
In base 13, what is -b - 1c1?
-1cc
In base 2, what is 1010011010000 - 1?
1010011001111
In base 9, what is -148 + -31?
-180
In base 2, what is 1001 - 111100101001?
-111100100000
In base 9, what is -31 - 2?
-33
In base 9, what is 4 + -133?
-128
In base 11, what is -4 + -3244?
-3248
In base 11, what is 67 - -6?
72
In base 15, what is -6 - e?
-15
In base 12, what is 1a17 + 4?
1a1b
In base 16, what is 9a - -10?
aa
In base 6, what is 5445 + -14?
5431
In base 10, what is 19 - -688?
707
In base 6, what is 55 - 122?
-23
In base 3, what is 0 + 21122?
21122
In base 8, what is 254 - 1?
253
In base 3, what is -120 + -22012?
-22202
In base 12, what is -3 - 591?
-594
In base 6, what is 0 + -2143?
-2143
In base 10, what is 0 - -123?
123
In base 6, what is -12 - -2105?
2053
In base 6, what is -10021 + 0?
-10021
In base 15, what is -5 + -54?
-59
In base 8, what is 72 - 3?
67
In base 8, what is -6 + -30?
-36
In base 13, what is 5 + -20?
-18
In base 5, what is -10 - -12030?
12020
In base 3, what is -21 + -12222?
-20020
In base 3, what is -111121 + 12?
-111102
In base 5, what is -1 - -40?
34
In base 6, what is 5 - 5314?
-5305
In base 8, what is -6346 + 3?
-6343
In base 8, what is 12 + 741?
753
In base 11, what is 6 + -1a4?
-199
In base 16, what is -5 + -50?
-55
In base 7, what is -33622 - 2?
-33624
In base 11, what is -12 + -51?
-63
In base 12, what is -333 - 4?
-337
In base 15, what is 11 + d?
1e
In base 7, what is -6 - -20?
11
In base 7, what is -54 - 136?
-223
In base 10, what is 3 + 2955?
2958
In base 13, what is 13 + 69?
7c
In base 10, what is 695 - -12?
707
In base 12, what is -1 + -1a2?
-1a3
In base 8, what is 527 - -5?
534
In base 8, what is -3 + 42?
37
In base 9, what is 178 + 16?
205
In base 2, what is -110 + 1101?
11